 2039 is divided by 25.
14
What is the remainder when 1018 is divided by 92?
6
Calculate the remainder when 86 is divided by 13.
8
Calculate the remainder when 68 is divided by 20.
8
What is the remainder when 148 is divided by 36?
4
What is the remainder when 3713 is divided by 28?
17
Calculate the remainder when 865 is divided by 418.
29
Calculate the remainder when 670 is divided by 120.
70
Calculate the remainder when 2118 is divided by 101.
98
Calculate the remainder when 462 is divided by 26.
20
Calculate the remainder when 150 is divided by 48.
6
What is the remainder when 506 is divided by 64?
58
What is the remainder when 442 is divided by 129?
55
Calculate the remainder when 247 is divided by 17.
9
Calculate the remainder when 5589 is divided by 193.
185
Calculate the remainder when 193 is divided by 49.
46
Calculate the remainder when 900 is divided by 43.
40
Calculate the remainder when 51 is divided by 7.
2
Calculate the remainder when 383 is divided by 64.
63
What is the remainder when 190 is divided by 37?
5
Calculate the remainder when 486 is divided by 144.
54
What is the remainder when 6294 is divided by 22?
2
Calculate the remainder when 1024 is divided by 8.
0
Calculate the remainder when 42 is divided by 13.
3
What is the remainder when 11350 is divided by 264?
262
What is the remainder when 2690 is divided by 77?
72
Calculate the remainder when 694 is divided by 283.
128
Calculate the remainder when 2305 is divided by 81.
37
Calculate the remainder when 100 is divided by 35.
30
Calculate the remainder when 1326 is divided by 8.
6
What is the remainder when 1263 is divided by 317?
312
What is the remainder when 18 is divided by 15?
3
What is the remainder when 10319 is divided by 86?
85
Calculate the remainder when 414 is divided by 93.
42
Calculate the remainder when 216 is divided by 38.
26
What is the remainder when 2067 is divided by 18?
15
What is the remainder when 324 is divided by 8?
4
What is the remainder when 167 is divided by 34?
31
What is the remainder when 1364 is divided by 682?
0
What is the remainder when 4137 is divided by 112?
105
Calculate the remainder when 122 is divided by 58.
6
What is the remainder when 94 is divided by 25?
19
Calculate the remainder when 613 is divided by 39.
28
What is the remainder when 2343 is divided by 23?
20
What is the remainder when 164 is divided by 49?
17
What is the remainder when 2524 is divided by 11?
5
What is the remainder when 52 is divided by 24?
4
Calculate the remainder when 157 is divided by 1.
0
Calculate the remainder when 308 is divided by 46.
32
Calculate the remainder when 339 is divided by 331.
8
What is the remainder when 75 is divided by 40?
35
Calculate the remainder when 37 is divided by 27.
10
Calculate the remainder when 493 is divided by 55.
53
What is the remainder when 630 is divided by 79?
77
What is the remainder when 399 is divided by 396?
3
Calculate the remainder when 723 is divided by 122.
113
What is the remainder when 532 is divided by 12?
4
What is the remainder when 203 is divided by 26?
21
What is the remainder when 130 is divided by 44?
42
Calculate the remainder when 2054 is divided by 8.
6
Calculate the remainder when 1594 is divided by 229.
220
What is the remainder when 97 is divided by 21?
13
What is the remainder when 8651 is divided by 111?
104
Calculate the remainder when 261 is divided by 8.
5
What is the remainder when 4067 is divided by 36?
35
Calculate the remainder when 95 is divided by 12.
11
Calculate the remainder when 1624 is divided by 124.
12
Calculate the remainder when 1940 is divided by 18.
14
Calculate the remainder when 4003 is divided by 28.
27
What is the remainder when 720 is divided by 22?
16
Calculate the remainder when 879 is divided by 29.
9
What is the remainder when 145 is divided by 59?
27
What is the remainder when 142 is divided by 62?
18
Calculate the remainder when 563 is divided by 138.
11
Calculate the remainder when 316 is divided by 247.
69
What is the remainder when 149 is divided by 85?
64
What is the remainder when 1269 is divided by 125?
19
Calculate the remainder when 438 is divided by 89.
82
What is the remainder when 289 is divided by 16?
1
Calculate the remainder when 84 is divided by 18.
12
Calculate the remainder when 24012 is divided by 15.
12
Calculate the remainder when 1139 is divided by 19.
18
What is the remainder when 640 is divided by 315?
10
What is the remainder when 317 is divided by 88?
53
Calculate the remainder when 1473 is divided by 291.
18
Calculate the remainder when 174 is divided by 10.
4
Calculate the remainder when 158 is divided by 61.
36
What is the remainder when 534 is divided by 263?
8
What is the remainder when 6562 is divided by 90?
82
Calculate the remainder when 2319 is divided by 8.
7
What is the remainder when 1173 is divided by 98?
95
Calculate the remainder when 111341 is divided by 103.
101
What is the remainder when 67 is divided by 18?
13
What is the remainder when 75 is divided by 29?
17
What is the remainder when 183 is divided by 177?
6
What is the remainder when 463 is divided by 198?
67
What is the remainder when 179 is divided by 32?
19
Calculate the remainder when 465 is divided by 7.
3
Calculate the remainder when 93 is divided by 63.
30
What is the remainder when 23 is divided by 21?
2
What is the remainder when 13840 is divided by 86?
80
What is the remainder when 188 is divided by 49?
41
Calculate the remainder when 3805 is divided by 32.
29
What is the remainder when 244 is divided by 128?
116
Calculate the remainder when 211 is divided by 53.
52
Calculate the remainder when 21581 is divided by 9.
8
What is the remainder when 31227 is divided by 148?
147
What is the remainder when 1763 is divided by 27?
8
What is the remainder when 4041 is divided by 94?
93
Calculate the remainder when 259 is divided by 89.
81
What is the remainder when 523 is divided by 33?
28
Calculate the remainder when 183 is divided by 149.
34
What is the remainder when 406 is divided by 199?
8
Calculate the remainder when 55 is divided by 29.
26
What is the remainder when 598 is divided by 32?
22
What is the remainder when 591 is divided by 39?
6
Calculate the remainder when 590 is divided by 3.
2
Calculate the remainder when 1164 is divided by 575.
14
Calculate the remainder when 58 is divided by 49.
9
Calculate the remainder when 537 is divided by 526.
11
What is the remainder when 61 is divided by 3?
1
Calculate the remainder when 2219 is divided by 378.
329
Calculate the remainder when 399 is divided by 194.
11
Calculate the remainder when 141 is divided by 86.
55
Calculate the remainder when 1720 is divided by 36.
28
Calculate the remainder when 1453 is divided by 112.
109
What is the remainder when 135 is divided by 7?
2
Calculate the remainder when 1107 is divided by 18.
9
Calculate the remainder when 3997 is divided by 93.
91
What is the remainder when 465 is divided by 65?
10
What is the remainder when 79 is divided by 13?
1
What is the remainder when 1806 is divided by 596?
18
What is the remainder when 1055 is divided by 181?
150
Calculate the remainder when 155 is divided by 83.
72
What is the remainder when 1493 is divided by 94?
83
Calculate the remainder when 258 is divided by 9.
6
Calculate the remainder when 664 is divided by 133.
132
What is the remainder when 4780 is divided by 84?
76
What is the remainder when 281 is divided by 50?
31
What is the remainder when 386 is divided by 39?
35
Calculate the remainder when 34539 is divided by 55.
54
What is the remainder when 351 is divided by 295?
56
Calculate the remainder when 1529 is divided by 751.
27
What is the remainder when 255 is divided by 32?
31
Calculate the remainder when 153 is divided by 68.
17
Calculate the remainder when 3170 is divided by 19.
16
Calculate the remainder when 88 is divided by 58.
30
What is the remainder when 5413 is divided by 43?
38
Calculate the remainder when 90 is divided by 23.
21
What is the remainder when 554 is divided by 80?
74
Calculate the remainder when 389 is divided by 193.
3
What is the remainder when 1875 is divided by 623?
6
Calculate the remainder when 199 is divided by 41.
35
What is the remainder when 81 is divided by 46?
35
What is the rema